 = 11*l(y) + 2*s(y). Calculate the remainder when 27 is divided by d(-3).
13
Let h(b) = b**2 + 13*b + 5. What is the remainder when h(-14) is divided by 11?
8
Let i = 18 - 10. Suppose -p + 3*p = i. What is the remainder when 13 is divided by p?
1
Suppose -4*a + 408 = -2*p, 5*a - 4*a - 2*p - 102 = 0. Calculate the remainder when a is divided by 13.
11
Let o = 29 + -19. Let i = 9 - -9. Calculate the remainder when i is divided by o.
8
Let s = -1 - 2. Calculate the remainder when 33 is divided by 2 + 1*(s + 13).
9
Suppose 5*b - 16 = j, 0*b = 3*j + 4*b - 28. Let p = 12 - j. What is the remainder when 14 is divided by p?
6
Suppose 0 = -5*h + 5*l + 30, -2*h - 5*l + 6*l = -9. Suppose -5*z = s - 56, -4*z + 17 + 43 = -h*s. What is the remainder when 35 is divided by z?
11
Let s = 21 + -36. Let k = 8 - s. Calculate the remainder when k is divided by 12.
11
Calculate the remainder when (-50)/(-4 - (1 + -3)) is divided by (-9)/(-15)*-1*-15.
7
Let h be ((-4)/10)/((-4)/(-40)). Let d(n) = 2*n**2 - 2. Let v be d(h). Suppose 2 - 4 = -q, -q - v = -4*p. Calculate the remainder when 14 is divided by p.
6
Suppose -4*p = p - 40. What is the remainder when -4*3/((-18)/21) is divided by p?
6
Let z = 21 + -11. Let q be 16/z + (-4)/(-10). Let a(t) = -t**3 + 3*t**2 + t + 1. What is the remainder when 19 is divided by a(q)?
5
Let k(w) = -w**3 - 6*w**2 + 7*w + 3. Calculate the remainder when 8 is divided by k(-7).
2
Suppose 3*n - 5*y = -8 + 207, -5*n = -4*y - 336. Suppose 0 = 3*v - 80 + 11. Calculate the remainder when n is divided by v.
22
Suppose 31 + 69 = 5*q. Suppose -9 = 4*x - x, 4*h + 2*x = 142. What is the remainder when h is divided by q?
17
Let x(g) = 4 + 9*g + g**3 + g**2 - 8*g**2 - 13. Let s be x(6). Let f(q) = 3*q + 2. What is the remainder when f(s) is divided by 10?
9
Let o(c) = -2*c**3 - 3*c**2 + 3*c - 2. Suppose 5*u - r = 16, -15 = -3*u + 3*r - 3. Suppose w - 6 = u*w. What is the remainder when o(w) is divided by 9?
7
Suppose 2*l - 2 - 18 = 0. What is the remainder when l is divided by 4?
2
Suppose 0*x - 4*a - 44 = -4*x, -4*a = -2*x + 14. Suppose -i = 4*i + x, 5*i - 9 = -3*n. What is the remainder when ((-4)/6)/(4/(-90)) is divided by n?
7
Suppose -2*i = -s - 2*s - 104, 2*s = -4*i + 192. What is the remainder when 192 is divided by i?
45
Suppose -11*b + 15*b - 440 = 0. Calculate the remainder when b is divided by 28.
26
Suppose 51 = 2*l + 5*g, 11 = 2*l - 2*g - g. Calculate the remainder when 34 is divided by l.
8
Suppose 7*q = 9*q - 36. Calculate the remainder when 51 is divided by q.
15
Let q = 0 - -36. Suppose 3*n + n = q. What is the remainder when n is divided by 5?
4
Let a(o) = 67*o**3 - o**2 + o - 1. Let p be a(1). Suppose -66 = -m - n, 2*m - n = m + p. What is the remainder when m is divided by 23?
20
Let g(y) = -y**3 + y**2 + 5*y + 4. Suppose u - 2 = -5. Let x be g(u). Suppose -4*p + x = -11. What is the remainder when 26 is divided by p?
8
Let k(q) = -q**3 + 14*q**2 - 24*q + 22. Calculate the remainder when 35 is divided by k(12).
13
Suppose x + 31 = f, 3*f + 2*x + 0*x - 73 = 0. Let t = 5 - 5. Suppose t = 4*v - 2*v - 28. Calculate the remainder when f is divided by v.
13
Let i(s) = -14*s**2 + 26*s - 9. Let f(v) = -5*v**2 + 9*v - 3. Let h(q) = -11*f(q) + 4*i(q). What is the remainder when 8 is divided by h(3)?
2
Let l(b) = b**3 - 5*b**2 + 5*b - 3. Let u(d) = -d**3 + 5*d**2 + 7*d - 1. Let f be u(6). Calculate the remainder when (18/2)/((-9)/(-42)) is divided by l(f).
20
Let q = 103 + -43. Let v = q - 41. What is the remainder when ((-1)/(-2))/((-2)/(-144)) is divided by v?
17
Let p = -22 - -13. Calculate the remainder when 11 is divided by 190/45 + 2/p.
3
Suppose -5*b + 85 = -120. Calculate the remainder when b is divided by 15.
11
Let z = 1 + 10. What is the remainder when 50 is divided by z?
6
Let h = 43 + -28. Calculate the remainder when 27 is divided by h.
12
Let y(t) = -t**3 + 11*t**2 - 13*t + 8. What is the remainder when y(9) is divided by 11?
9
Let p(q) = q**2 - 4*q + 7. Let f be p(6). Suppose -6*b + b = -10, 0 = z + 2*b - f. What is the remainder when 29 is divided by z?
14
Suppose 5*s = 5*y + 5, 3*s + 5*y - 15 = 4*s. Suppose 0 = -2*u - 3 + s. Calculate the remainder when 3 is divided by u.
0
Suppose z + 45 = 4*x, 51 = -x + 5*x + z. Let d be (2/(-5))/((-3)/15). What is the remainder when 1*d + (-5 - -38) is divided by x?
11
Let g = -17 - -13. Let o(d) = -26*d + 2. Calculate the remainder when o(g) is divided by 27.
25
What is the remainder when 42 is divided by (4/10*-6)/((-66)/220)?
2
Let i be 1/(4/(-2384)*-2). Suppose 5*a + 103 - i = 0. Calculate the remainder when a is divided by 10.
9
Suppose 2*v + s = -0 - 2, -4 = s. Suppose 0*f - 6 = 2*f, -3*f = 3*i + 15. Calculate the remainder when 0 - (1 - (5 + i)) is divided by v.
0
Let m be (1 - 7)*1*-10. Suppose -4*h + v + 2*v = -m, -3*h + 4*v = -38. What is the remainder when 16 is divided by h/(-4)*(-4)/3?
4
Let g(k) = k**3 + 10*k**2 + 8*k - 2. Let m(u) = u**2 + 10*u + 7. Let t be m(-8). What is the remainder when 25 is divided by g(t)?
4
Suppose 4*o - 269 = -5*g, g + o - 160 = -2*g. Calculate the remainder when g is divided by 14.
11
Let k be ((-4)/(-6))/(8/84). Let r(a) = 2*a + 1. Let u be r(k). Suppose 0 = -5*z - u, z + 2*z - 13 = -h. What is the remainder when 43 is divided by h?
21
Let p(o) = o**3 + 9*o**2 - 3*o + 3. Let k be p(-9). Suppose -k = -2*u + 3*f + 9, 20 = 4*f. Let q = 0 + 7. What is the remainder when u is divided by q?
6
Suppose -10*i + 5*i + 5 = 0. Let g = 2 + -1. Calculate the remainder when g is divided by i.
0
What is the remainder when 29 is divided by 2/(-8) + (-390)/(-24)?
13
Suppose 27*x + 124 = 29*x. Suppose -9 = -3*y + 3. Suppose -y*i + l + 64 = 0, -i + 2*i - 16 = 5*l. What is the remainder when x is divided by i?
14
Suppose -a - 16 = 5*o + a, -3*o - 9 = a. What is the remainder when (-1)/o + (-143)/(-22) is divided by 4?
3
Let r(y) = -2*y**2 + 21*y - 5. Suppose -3 = -3*s, 5*s + 55 = 4*a + a. Calculate the remainder when r(9) is divided by a.
10
Suppose 25 - 89 = -p - 4*t, 3*p - 3*t - 117 = 0. What is the remainder when p is divided by 16?
12
Let c = -10 + 17. Calculate the remainder when (40/6)/((-2)/(-6)) is divided by c.
6
Suppose -60 = -5*b + 3*m - 0*m, 4*m + 65 = 5*b. What is the remainder when 34 is divided by b?
7
Suppose -s = 4*s + 40. Let q = 15 - s. Calculate the remainder when q is divided by 26*-2*1/(-4).
10
Let n = -3 - 1. Let f = 8 + n. Suppose -4*d + 72 = -4*b, f*d + 0*d - 37 = -3*b. Calculate the remainder when 38 is divided by d.
12
Suppose -3*s = -27 - 12. Suppose 122 = -3*y + 4*l + 482, -5*y + 600 = 4*l. Suppose 0 = 22*i - 17*i - y. What is the remainder when i is divided by s?
11
Suppose 4*m = -5*r + 74, 3*m - 3*r + r - 44 = 0. Calculate the remainder when 45 is divided by m.
13
Suppose 4*p - 30 = 94. What is the remainder when 122 is divided by p?
29
Let j(z) = z**2 + 9*z + 8. Let v(i) = i**3 + 5*i**2 + 7*i + 5. Calculate the remainder when j(-9) is divided by v(-2).
2
Let q(t) = t**3 - 30*t**2 - 32*t + 38. What is the remainder when 19 is divided by q(31)?
5
Let r(m) = -m**2 - 8*m + 2. Calculate the remainder when r(-6) is divided by 2*(15/3 + -1).
6
Let l(t) = -t + 18. Calculate the remainder when l(-8) is divided by 7.
5
What is the remainder when 14 is divided by 2*-2 + 3 + 6?
4
Suppose 75 = -2*b + 3*b. What is the remainder when b is divided by 16?
11
Suppose 0 = -6*c + 445 - 43. What is the remainder when c is divided by 17?
16
Suppose 0 = l + 2*l - 36. Suppose -3*c = 3*c - 270. What is the remainder when c is divided by l?
9
Calculate the remainder when 4/(-12) - 58/(-3) is divided by 10.
9
Let h(b) = -2*b. Suppose 2*j - 4*k - 110 = 0, -5*j + 168 = -j + 5*k. What is the remainder when j is divided by h(-6)?
11
Let p(c) = -22*c. Let i be p(3). Let r = i + 127. What is the remainder when r is divided by 16?
13
Suppose -5*r + 131 = -369. What is the remainder when r is divided by 52?
48
Let z(h) = h**3 - 2*h**2 - h + 7. Let m = -3 + -5. Let b = -4 - m. What is the remainder when z(0) is divided by b?
3
Calculate the remainder when (-132)/(-16)*(-84)/(-9) is divided by 27.
23
Let d be 2/6 + 80/30. Suppose -d*g - o = -83, 53 = -2*g + 5*g - 5*o. What is the remainder when g is divided by 10?
6
Let g = 3 - 3. Suppose 0*a + a - 7 = g. Let p(